Is 19661 a composite number?
False
Is 50401 composite?
True
Is 19369 a composite number?
True
Is 8999 prime?
True
Is 159 composite?
True
Is 1527 a prime number?
False
Is 86126 a prime number?
False
Is 11303 composite?
True
Is 27473 composite?
True
Is 212411 a prime number?
True
Is 64793 prime?
True
Is 215849 composite?
True
Is 2719973 a composite number?
True
Is 19733 prime?
False
Is 106531 a composite number?
False
Is 6799 composite?
True
Is 142427 a prime number?
True
Is 1439 prime?
True
Is 2514647 prime?
True
Is 5323 composite?
False
Is 103669 composite?
False
Is 787 composite?
False
Is 109 a prime number?
True
Is 899 composite?
True
Is 4849 composite?
True
Is 5899 composite?
True
Is 4441 a prime number?
True
Is 46993 prime?
True
Is 3967 a composite number?
False
Is 1457401 prime?
False
Is 37397 a prime number?
True
Is 5617 a prime number?
False
Is 28043 prime?
False
Is 59581 composite?
False
Is 527821 composite?
True
Is 474965 a prime number?
False
Is 106427 prime?
True
Is 180959 composite?
False
Is 3407 a prime number?
True
Is 106103 prime?
True
Is 24253 prime?
False
Is 26041 prime?
True
Is 542441 prime?
True
Is 259593 prime?
False
Is 4783 prime?
True
Is 52285 composite?
True
Is 7609 a prime number?
False
Is 12739 a prime number?
True
Is 13799 a composite number?
False
Is 131798 prime?
False
Is 35707 a composite number?
True
Is 81509 a composite number?
False
Is 46919 a composite number?
False
Is 1151 a prime number?
True
Is 648473 a prime number?
False
Is 7609 composite?
True
Is 1773307 prime?
True
Is 38939 a composite number?
True
Is 143837 prime?
False
Is 46763 prime?
False
Is 23531 a prime number?
True
Is 118297 a composite number?
False
Is 293209 a prime number?
False
Is 168134 a prime number?
False
Is 243154 prime?
False
Is 41801 a composite number?
False
Is 2430581 prime?
True
Is 118115 a composite number?
True
Is 1163 composite?
False
Is 99949 a composite number?
True
Is 35641 a prime number?
False
Is 163019 a prime number?
True
Is 1009 a composite number?
False
Is 1024577 prime?
True
Is 803717 prime?
True
Is 118331 composite?
True
Is 18577 a composite number?
True
Is 39017 prime?
False
Is 11281 a composite number?
True
Is 4573 a composite number?
True
Is 46381 composite?
False
Is 4079 composite?
False
Is 1057249 a prime number?
True
Is 244997 prime?
True
Is 109957 a composite number?
True
Is 6839 prime?
False
Is 686267 prime?
True
Is 62591 composite?
False
Is 171371 a prime number?
False
Is 12637 composite?
False
Is 53951 composite?
False
Is 387033 composite?
True
Is 11789 a composite number?
False
Is 235043 a prime number?
True
Is 392699 a prime number?
True
Is 11311 a composite number?
False
Is 60433 a composite number?
True
Is 448367 a prime number?
True
Is 78713 a prime number?
True
Is 1157569 a composite number?
True
Is 309157 prime?
True
Is 15449 prime?
False
Is 122251 composite?
False
Is 8287 composite?
False
Is 10357 composite?
False
Is 7229 a prime number?
True
Is 603481 a composite number?
True
Is 117751 a prime number?
True
Is 54797 prime?
False
Is 7831 a prime number?
False
Is 30353 composite?
True
Is 2479 a composite number?
True
Is 739217 a composite number?
False
Is 8781 prime?
False
Is 137221 a prime number?
False
Is 5069 composite?
True
Is 10841 a composite number?
True
Is 692339 prime?
False
Is 11126 composite?
True
Is 71561 a prime number?
False
Is 18862 a prime number?
False
Is 232793 composite?
True
Is 334337 a composite number?
True
Is 4293257 a prime number?
False
Is 31197 composite?
True
Is 84197 prime?
False
Is 14941 prime?
False
Is 633497 composite?
False
Is 2652005 a composite number?
True
Is 23143 a composite number?
False
Is 2609 prime?
True
Is 1951451 composite?
True
Is 194101 a prime number?
True
Is 172693 a composite number?
True
Is 3037 prime?
True
Is 146117 composite?
False
Is 29551 prime?
False
Is 843221 a composite number?
True
Is 3149 prime?
False
Is 158705 prime?
False
Is 603685 a composite number?
True
Is 405437 a prime number?
True
Is 461423 prime?
False
Is 16673 prime?
True
Is 317221 composite?
True
Is 51518 a composite number?
True
Is 83701 prime?
True
Is 2454899 composite?
False
Is 1090013 a prime number?
True
Is 13859 composite?
False
Is 273107 a composite number?
False
Is 449129 a prime number?
True
Is 6611 a prime number?
False
Is 51259 a prime number?
False
Is 9521 prime?
True
Is 9411 composite?
True
Is 1163 composite?
False
Is 7477 prime?
True
Is 807843 a composite number?
True
Is 166511 composite?
True
Is 208139 a composite number?
False
Is 34421 prime?
True
Is 624829 composite?
False
Is 4781 prime?
False
Is 21453 prime?
False
Is 465523 prime?
True
Is 1906689 prime?
False
Is 37217 composite?
False
Is 130381 composite?
True
Is 170081 prime?
True
Is 47981 prime?
True
Is 5779 a composite number?
False
Is 37711 prime?
False
Is 103217 prime?
True
Is 61717 a prime number?
True
Is 41491 composite?
False
Is 1087 a prime number?
True
Is 970537 prime?
True
Is 17287 composite?
True
Is 33509 a prime number?
False
Is 98661 prime?
False
Is 2767 prime?
True
Is 2819 a prime number?
True
Is 15713 composite?
True
Is 10078 a composite number?
True
Is 2851 a prime number?
True
Is 14359 a composite number?
True
Is 655807 composite?
False
Is 297131 a composite number?
True
Is 82457 a prime number?
True
Is 1693 a prime number?
True
Is 1194103 composite?
False
Is 325651 composite?
True
Is 15869 prime?
False
Is 4265 prime?
False
Is 26921 a composite number?
False
Is 2579 composite?
False
Is 336491 composite?
False
Is 11299 a prime number?
True
Is 12014 prime?
False
Is 426841 composite?
False
Is 45707 prime?
True
Is 93601 a prime number?
True
Is 19919 composite?
False
Is 195593 a composite number?
False
Is 2455 a prime number?
False
Is 132593 composite?
True
Is 130807 prime?
True
Is 2102623 composite?
False
Is 6119 a prime number?
False
Is 7501 composite?
True
Is 49466 composite?
True
Is 51703 a composite number?
True
Is 53717 prime?
True
Is 57221 a prime number?
True
Is 53139 prime?
False
Is 8899 a composite number?
True
Is 1811321 a composite number?
False
Is 165139 composite?
True
Is 4421 a prime number?
True
Is 12151 prime?
False
Is 3495533 a composite number?
True
Is 12457 composite?
False
Is 54557 composite?
True
Is 178781 composite?
False
Is 804991 a prime number?
False
Is 72997 a prime number?
True
Is 562147 composite?
False
Is 696011 a prime number?
False
Is 13259 a prime number?
True
Is 584515 composite?
True
Is 9901 composite?
False
Is 18373 a prime number?
False
Is 7061 a prime number?
False
Is 385001 a prime number?
True
Is 298013 prime?
True
Is 21211 a composite number?
False
Is 7279 composite?
True
Is 3827 prime?
False
Is 31334 a composite number?
True
Is 3614339 a composite number?
False
Is 124889 a composite number?
True
Is 300647 composite?
False
Is 3852298 prime?
False
Is 16535 composite?
True
Is 6371 composite?
True
Is 464963 prime?
True
Is 1621859 a composite number?
True
Is 7373 prime?
False
Is 400547 composite?
True
Is 6178129 a composite number?
False
Is 7601 a composite number?
True
Is 139267 prime?
True
Is 4627 a composite number?
True
Is 383563 prime?
False
Is 2066 a prime number?
False
Is 3210199 a composite number?
False
Is 1171 a composite number?
False
Is 229205 composite?
True
Is 63697 a prime number?
True
Is 1854553 a prime number?
False
Is 3937 composite?
True
Is 39187 composite?
True
Is 6535 a prime number?
False
Is 7291 composite?
True
Is 33287 a prime number?
True
Is 97367 prime?
True
Is 4211 a composite number?
False
Is 173429 composite?
False
Is 34297 a prime number?
True
Is 120223 composite?
False
Is 384889 composite?
False
Is 55201 a prime number?
True
Is 16143 composite?
True
Is 1865 composite?
True
Is 55018 composite?
True
Is 385131 a composite number?
True
Is 21683 a prime number?
True
Is 143947 prime?
True
Is 1361 composite?
False
Is 10897 composite?
True
Is 376351 composite?
False
Is 2551 a prime number?
True
Is 70199 prime?
True
Is 41581 composite?
True
Is 111019 a prime number?
False
Is 8623 a prime number?
True
Is 34009 a prime number?
False
Is 10405 a composite number?
True
Is 360391 composite?
False
Is 10573 composite?
True
Is 21391 a prime number?
True
Is 306643 prime?
True
Is 147635 composite?
True
Is 75103 a prime number?
False
Is 29443 prime?
True
